 j/42?
6
What is the tens digit of (-24)/(-36)*(36 + 0)?
2
Let t(d) = -44*d - 2. Let j be t(-4). Suppose -5*s + j = -46. What is the tens digit of s?
4
Suppose -5*o - 9 = 11. What is the units digit of (1 + 2 - o)*1?
7
Suppose -3*t = -2*j + 26, -83 = -5*j + 4*t - t. What is the units digit of j?
9
Let v(j) = -j - 1. Let x be v(-8). Let m = 18 - x. What is the tens digit of m?
1
Let z be ((1 - -5) + -3)/(-1). Let a(p) = -p**2 - 3*p + 4. Let j be a(z). What is the units digit of 154/10 + j/(-10)?
5
Let s be (-9)/2 - (-2)/4. Suppose 0 = v + 3*v - 52. Let p = v + s. What is the units digit of p?
9
Let p(m) = 2*m**3 - 4*m**2 + 4*m + 1. What is the tens digit of p(3)?
3
Let j be (-2)/(-7) - 1180/(-35). Let d be (1 + 1 + j)/1. Suppose -o + 8 - 24 = -5*n, d = 4*o + 5*n. What is the units digit of o?
4
Suppose -2*p + 3 = q, 1 = q - 2*p + 6. Let d = 45 + q. What is the tens digit of d?
4
Let v be ((-2)/3 - 2)*3. Let k(g) = -g**2 - 11*g - 11. What is the tens digit of k(v)?
1
Let x(p) = -p**2 - 18*p + 16. What is the units digit of x(-9)?
7
Let c(x) = 4*x**2 - 2*x + 1. Let k be c(1). Let z = 5 - k. Suppose -6*p + z*p + 16 = 0. What is the units digit of p?
4
Let u = 7 + -8. What is the units digit of u*-2*(-9)/(-2)?
9
Suppose -k = 3*h - 2*k - 121, -4*k = h - 36. What is the tens digit of h?
4
Suppose -4 = -4*n + 12. Suppose 3*h + 11 = n*h. Let j = h + -10. What is the units digit of j?
1
Suppose -2*l - l = 24. Let p = -15 + 9. Let c = p - l. What is the units digit of c?
2
Suppose 0 = -5*p + b - 2*b + 34, -4*p - 5*b + 23 = 0. Let h = p - 2. Suppose 12 = 2*f - 3*w, 6 = h*f + 4*w - 1. What is the units digit of f?
3
Let w(t) = 2*t**2. Let m be w(-1). Suppose -x = -m*x + 10. What is the units digit of x?
0
Let d = 195 - 86. What is the units digit of d?
9
Suppose 0 = 5*v + 6 + 9. What is the units digit of 2 + (-27 - 0)/v?
1
Let j = 10 - 4. Let v be (1 - (-7)/3)*j. Suppose 3*i = -0*o + 2*o - v, 31 = 5*o + 2*i. What is the units digit of o?
7
Let v be -460*(-1)/(10/8). What is the units digit of 4/(-26) - v/(-26)?
4
Let u be (4/4)/(1/2). Suppose -u*t + 2 = -18. What is the tens digit of t?
1
Let i = 8 - 2. Let b(u) = -2*u - 1. Let s be b(i). Let k = s - -23. What is the tens digit of k?
1
Suppose -3*w - 3*g + g + 25 = 0, -5*w + 4*g + 27 = 0. What is the units digit of w?
7
Let d = -116 + 161. What is the tens digit of d?
4
Suppose 0*j = -5*x - 4*j + 15, -2*j + 14 = -4*x. What is the units digit of 4 - (x + -49 + 0)?
4
Suppose 54 = 3*w - 51. What is the units digit of w?
5
What is the units digit of 20/(-8)*2*-4?
0
Suppose 0*m = 3*m - 9. What is the units digit of ((-7)/m)/(4/(-72))?
2
Let d = 9 + 27. What is the tens digit of d?
3
Let m(r) = -r**3 - 15*r**2 - 14*r + 6. Let z be m(-14). Let v = z - -18. What is the units digit of v?
4
Let g = -11 + 15. Suppose z - g = -z. What is the units digit of z?
2
Suppose -2*p + 3*h + 243 = 0, 4*p - p - h = 368. What is the hundreds digit of p?
1
Suppose 0 = k - 0*k - 12. Suppose -3*d = -0*d - k. What is the units digit of d?
4
Let b(n) be the first derivative of n**4/4 - n**3 - 3*n**2/2 + 4*n + 1. Let r(t) = -t**3 - 11*t**2 + 4. Let d be r(-11). What is the units digit of b(d)?
8
Let r(w) = -7*w**3 - w**2 - w - 1. Let v = 8 + -9. Let l be r(v). Suppose 6*j - 4*j = l. What is the units digit of j?
3
Suppose -2*z + h - 34 = -4*z, -5*h = 3*z - 51. What is the tens digit of z?
1
Suppose 0 = -3*k - 0*n - 5*n, 2*k + 5*n = -5. What is the units digit of k?
5
Let m(f) = f**2 + 6*f - 2. Let x be (-10)/35 - 40/7. Let k be m(x). What is the units digit of (k - 1)*(-24)/9?
8
Let k = 0 - 0. Suppose k*h - 56 = -2*h. What is the units digit of h?
8
Suppose 2*h = 5*s - 25, s + 3*s + 3*h + 3 = 0. Suppose -s*b + 252 = 5*c, c - 16 - 33 = -2*b. What is the tens digit of c?
5
Suppose -2*a = -3*o + 66, 2*o + 0*o - 2*a - 42 = 0. What is the units digit of o?
4
Let i(g) = 0*g**2 + g**3 + 4*g**2 + 2*g + 2 + 0*g**2. What is the units digit of i(-3)?
5
Let v be 9 + -3 + 2 + 0. Suppose -3*a = -a - v. What is the units digit of a?
4
Let h(l) = -4*l - 5*l**3 + 2*l**3 - 4*l + 10*l**2 + 1 + 2*l**3. What is the tens digit of h(9)?
1
Let b(w) = -w**2 + 6*w - 3. Let c be b(5). Let s be 1 - (-1*2)/c. Suppose -x - 3 = -2*r - 1, -2*x = -s*r. What is the units digit of x?
2
Suppose 0 = -p - 5*x + 3, -5*p + x + 15 = -x. Let l(c) = c**3 - 2*c**2 - 1. What is the units digit of l(p)?
8
Let x be -3 + 8 + -2 + 1. Suppose 2*c + 6 = -4*i, -x*i - 4 = 3*c - 5. What is the units digit of c?
7
Let o be 2/10 + 18/10. Suppose 0 = 4*x - 5*d - 6, o*x - 1 = -4*d + 15. Suppose x*z - 38 = 6. What is the tens digit of z?
1
Let k be 2 - 2/((-4)/2). Let o be -32*2*k/(-12). Let t = o + -8. What is the units digit of t?
8
Suppose 3*x - 31 = -1. Suppose -2 = 2*c - x. Suppose 3*r - t - t - 13 = 0, r - c = t. What is the units digit of r?
5
Let p(d) be the second derivative of d**4/12 + d**3/6 + 2*d**2 + 3*d. What is the units digit of p(0)?
4
Suppose 0*q + 4*q = 188. What is the units digit of q?
7
Let v be (-6)/(-8) - 41/(-4). Suppose 4*z - v = 1. Suppose z*a = p + 14, -10 = 4*a - 7*a + 5*p. What is the units digit of a?
5
Suppose -2*o - 4*r + 228 = 0, r = 4*o + 6*r - 465. Suppose -5*z + z - 5*f + 101 = 0, -5*z - 5*f = -o. What is the tens digit of z?
1
Let m(x) = -x**2 - 7*x - 5. Let f be m(-5). Suppose 4*v - 4 = -j + 26, f*v = -4*j + 76. Suppose 3*n - 1 - j = 0. What is the units digit of n?
5
Let h(i) = -i**2 - 9*i - 6. Let a be 16/3 - 6/(-9). Suppose -1 = b + a. What is the units digit of h(b)?
8
Suppose 4*i - 5 = -3*p + 8, 4*i - 53 = 5*p. What is the tens digit of 75/i + 6/21?
1
Suppose -27 = -5*l + 18. Suppose l*p + 190 = 14*p. What is the tens digit of p?
3
Let n(v) = v**2 + 3*v + 2. Let x be n(-4). Let h = x - 4. What is the units digit of h?
2
Suppose -3*c + 14*c - 847 = 0. What is the tens digit of c?
7
Suppose 2*b - 5*b - 4*c + 12 = 0, -4*b - 3*c + 9 = 0. Suppose -2*y - k + 73 = y, -y - 5*k + 1 = b. What is the units digit of y?
6
Suppose 630 = 5*w + 4*w. What is the tens digit of w?
7
Let l = 52 - -25. What is the tens digit of l?
7
Suppose 4*s - 54 = 86. What is the tens digit of s?
3
Suppose -5*l = -3*z + 13, -6 + 2 = -4*l. Suppose -10 = -4*m + 3*m. Suppose -j - m = -z*j. What is the units digit of j?
2
Let c(g) = -g**3 - 6*g**2 - 2*g. What is the units digit of c(-7)?
3
Let a(t) = 3*t**3 - t**2 + 2*t. What is the tens digit of a(2)?
2
Let k(u) = u**3 - 8*u**2 - 8*u - 11. Let g be k(9). Let v = g - -4. What is the units digit of v?
2
Let x(w) = 2*w + 3. Let u be x(3). Suppose -3*r - 1 = c, -2*c - u = -c + 5*r. What is the units digit of c?
1
Suppose 0 = 4*a - 2*n + 4 + 10, -13 = 3*a - 2*n. Let j be (-2 + 1 - a)/(-2). Suppose 0 = -y - j + 2. What is the units digit of y?
2
Suppose 0 = -v - 2*s + 112, -s = -5*v + s + 584. Suppose -v = 4*k - i - 3*i, -4 = -i. Let t = 37 + k. What is the units digit of t?
2
Suppose 2*t - 4*y - 202 = 0, 0*t = -t + 3*y + 101. What is the tens digit of t?
0
Let g(w) = -w - 4. Let q be g(-6). Suppose -13 = p - 5*p + l, q*l + 10 = 0. What is the units digit of ((-9)/(-6) - p)*-4?
2
Suppose 4*d + 52 - 12 = 0. Let k(y) = -y**2 - 10*y + 7. What is the units digit of k(d)?
7
Let y(j) = -2*j**3 - 7*j**2 - 6*j - 3. Let u be y(-4). Let c = u + -2. Suppose 0 = -5*v - 0*v + c. What is the units digit of v?
7
Let a = 19 - 15. Suppose j - 8 = -5*v + a*j, v - j = 0. What is the units digit of v?
4
Let m(a) = a**3 + 4*a**2 - 7*a - 2. Let k be m(-5). Suppose -3 = c - k. What is the units digit of c?
5
Let z be (7 + -2)/(-2 + 3). Suppose -4*t + 40 = 4*c, 2*t - 3*t + z*c - 8 = 0. What is the units digit of t?
7
Let k be 546/35*10/3. Let o = k - 35. What is the tens digit of o?
1
Let u = -2 + 4. Suppose -34 = 2*n - 2*q, 5*n + q - u*q + 65 = 0. Let i = n + 17. What is the units digit of i?
5
Let h(z) = 8*z**2 - 2*z. Let u be h(3). Suppose 0 = -5*g + u - 16. What is the units digit of g?
0
Let h be (-4)/(-20) - (-2)/(-10). Suppose h = 3*f + f - 4. What is the units digit of f?
1
Suppose -347 = -8*r + 245. What is the units digit of r?
4
Let g = 24 - -43. What is the units digit of g?
7
Let v(a) = -a**3 - 6*a**2 - 4*a + 6. Let b be v(-5). Suppose 2*t - b = 1. What is the units digit of t?
1
Suppose 3*i = 4*d + 13 - 1, -2*d - 20 = -5*i. What is the units dig